0 a multiple of 211?
True
Is 1596 a factor of 23576112?
True
Is 47736873 a multiple of 19?
True
Does 24 divide 343179220?
False
Does 679 divide 920377710?
True
Does 541 divide 67494672?
False
Does 138 divide 2259499?
False
Is 18688140 a multiple of 2115?
True
Does 20 divide 746881485?
False
Is 7332193 a multiple of 3?
False
Is 60 a factor of 32629543?
False
Is 196639200 a multiple of 2325?
True
Is 2570 a factor of 95311020?
True
Is 659101081 a multiple of 2290?
False
Does 5 divide 122851712?
False
Is 11473779 a multiple of 3?
True
Is 1012088528 a multiple of 1936?
True
Does 22 divide 121197105?
False
Is 632996204 a multiple of 4156?
True
Does 283 divide 37679758?
False
Is 1375 a factor of 1761475015?
False
Does 152 divide 1200452596?
False
Is 340836818 a multiple of 1231?
True
Is 8 a factor of 24360681?
False
Is 62305302 a multiple of 6?
True
Is 872949306 a multiple of 978?
False
Does 1863 divide 299291045?
False
Does 789 divide 232953828?
True
Is 18407304 a multiple of 6?
True
Is 1993282 a multiple of 331?
True
Is 27 a factor of 461849?
False
Does 76 divide 731256876?
True
Is 7 a factor of 44685183?
False
Is 2488 a factor of 2013732464?
True
Does 4397 divide 503938799?
False
Is 173455468 a multiple of 62?
False
Does 3041 divide 1224015934?
False
Is 266 a factor of 6885270738?
False
Is 254 a factor of 245540276?
True
Is 2721 a factor of 257474625?
True
Is 367 a factor of 36439063?
True
Does 1004 divide 2015615?
False
Is 689157188 a multiple of 8377?
False
Is 10794547 a multiple of 646?
False
Is 74259922 a multiple of 16?
False
Is 63785680 a multiple of 18?
False
Does 893 divide 23650766?
False
Is 189 a factor of 1286081874?
True
Is 149 a factor of 4760665?
False
Does 85 divide 169763442?
False
Does 27 divide 105039465?
False
Is 7 a factor of 23873096?
False
Is 93819855 a multiple of 15?
True
Is 96853236 a multiple of 2480?
False
Does 49 divide 5858024?
False
Is 232823900 a multiple of 284?
False
Is 21191158 a multiple of 14?
False
Is 88241983 a multiple of 186?
False
Is 9556219 a multiple of 11?
False
Does 360 divide 22954680?
True
Does 4 divide 1504517676?
True
Does 16 divide 13227967?
False
Does 83 divide 3826217?
True
Does 13 divide 380781623?
False
Is 10 a factor of 22717400?
True
Is 117607420 a multiple of 737?
False
Is 33 a factor of 4492994?
False
Is 12007502 a multiple of 5?
False
Is 54639714 a multiple of 13?
False
Does 3 divide 334962049?
False
Is 24 a factor of 1298019096?
True
Does 149 divide 160051777?
True
Is 1648 a factor of 1018997639?
False
Does 6261 divide 2565275703?
True
Is 18995850 a multiple of 25?
True
Does 135 divide 876947850?
True
Does 88 divide 12440384?
True
Does 15 divide 1674616349?
False
Is 260 a factor of 38355980?
True
Does 496 divide 62673603?
False
Does 3 divide 8197652?
False
Is 15 a factor of 1726772141?
False
Is 4277875 a multiple of 140?
False
Is 212153634 a multiple of 882?
True
Does 39 divide 36865062?
True
Is 29273280 a multiple of 30?
True
Is 314515530 a multiple of 42?
True
Does 11 divide 676984726?
True
Does 113 divide 3520176?
True
Does 134 divide 107986714?
True
Is 928 a factor of 15873626?
False
Is 734285905 a multiple of 1096?
False
Is 22549653 a multiple of 7?
True
Is 794391045 a multiple of 2065?
True
Is 748 a factor of 26430580?
True
Is 452 a factor of 226320016?
True
Does 1183 divide 37155027?
False
Is 70 a factor of 17592120?
True
Does 586 divide 3506391?
False
Is 7 a factor of 2497796?
True
Does 1796 divide 25900034?
False
Is 10498794 a multiple of 258?
True
Is 83 a factor of 1241926060?
False
Is 20884024 a multiple of 393?
False
Does 14 divide 10051328?
True
Is 66694405 a multiple of 306?
False
Is 268624405 a multiple of 7?
True
Does 5 divide 6775630?
True
Is 1022190 a multiple of 26?
True
Is 1784700690 a multiple of 15?
True
Is 67914781 a multiple of 235?
False
Does 14 divide 43170990?
False
Does 836 divide 60011424?
True
Is 48916286 a multiple of 25?
False
Does 1466 divide 107255492?
True
Is 806883954 a multiple of 102?
True
Does 166 divide 1001772816?
True
Is 22 a factor of 52561410?
True
Is 1044716850 a multiple of 1410?
False
Is 2 a factor of 210775774?
True
Is 118 a factor of 671079806?
True
Is 23773683 a multiple of 93?
True
Is 86 a factor of 2080766990?
True
Is 81 a factor of 183750606?
True
Is 28 a factor of 429542400?
True
Does 10 divide 32505660?
True
Is 119 a factor of 4080034?
True
Is 178 a factor of 512691548?
False
Is 244201842 a multiple of 28?
False
Is 80803569 a multiple of 33?
True
Is 1919985423 a multiple of 579?
True
Does 3145 divide 63516420?
True
Does 81 divide 317979270?
True
Is 67860333 a multiple of 80?
False
Is 388 a factor of 3027176?
True
Is 4373696 a multiple of 4?
True
Does 142 divide 353069989?
False
Is 3711949176 a multiple of 2418?
True
Does 88 divide 449956812?
False
Does 74 divide 1688025850?
False
Is 822450091 a multiple of 29?
False
Is 6 a factor of 7019922?
True
Is 33166255 a multiple of 611?
False
Is 157970425 a multiple of 1055?
True
Does 155 divide 59372750?
True
Does 55 divide 17218962?
False
Is 732046360 a multiple of 89?
True
Does 330 divide 245077800?
True
Is 38 a factor of 828682036?
True
Is 1868375 a multiple of 125?
True
Is 613673166 a multiple of 138?
True
Is 3377 a factor of 56131385?
False
Does 34 divide 24485014?
False
Does 2104 divide 63517351?
False
Is 766 a factor of 28410490?
False
Does 460 divide 1948953760?
True
Does 7 divide 190223285?
True
Is 43 a factor of 43644527?
True
Does 3 divide 165069073?
False
Is 24 a factor of 36229869?
False
Does 308 divide 24315676?
True
Does 5 divide 130292942?
False
Is 28889176 a multiple of 8?
True
Is 590 a factor of 283417562?
False
Is 223054610 a multiple of 111?
False
Does 619 divide 33419191?
True
Is 212 a factor of 29156780?
False
Is 28 a factor of 25573100?
True
Is 27 a factor of 98880129?
True
Is 188274865 a multiple of 2874?
False
Does 287 divide 110369007?
True
Is 1062 a factor of 2627044974?
True
Is 624780356 a multiple of 1873?
True
Is 21143939 a multiple of 274?
False
Does 11 divide 1262748409?
False
Is 666 a factor of 141022170?
True
Is 113 a factor of 1200524543?
True
Does 11 divide 1582441265?
False
Is 4831990 a multiple of 1780?
False
Is 84 a factor of 105385056?
True
Is 1136505258 a multiple of 14?
True
Is 902 a factor of 618398572?
True
Is 4 a factor of 9659422?
False
Is 520 a factor of 932257560?
True
Is 201508812 a multiple of 12?
True
Is 29383872 even?
True
Is 146066016 a multiple of 422?
True
Is 1635553 a multiple of 82?
False
Is 109927500 a multiple of 30?
True
Is 278 a factor of 36342940?
True
Is 27637684 a multiple of 913?
False
Is 409443456 a multiple of 32?
True
Does 47 divide 435810508?
True
Is 65534 a multiple of 8?
False
Is 913 a factor of 614879968?
False
Is 195783412 a multiple of 15?
False
Does 10 divide 1364755700?
True
Does 3 divide 252266487?
True
Does 11605 divide 647012734?
False
Is 23952616 a multiple of 37?
True
Does 86 divide 1229121976?
True
Is 34 a factor of 121809590?
True
Is 553343780 a multiple of 64?
False
Is 553589244 a multiple of 1014?
True
Does 12 divide 178759814?
False
Does 65 divide 2156119603?
False
Is 77540766 a multiple of 1089?
False
Is 76416387 a multiple of 59?
True
Is 17650566 a multiple of 6?
True
Is 84001968 a multiple of 1980?
False
Is 13 a factor of 43977973?
True
Does 29 divide 10712223?
True
Does 115 divide 373791929?
False
Is 57977779 a multiple of 37?
True
Is 29 a factor of 10353986?
True
Is 641733400 a multiple of 1078?
True
Is 7715521 a multiple of 47?
False
Is 1129 a factor of 31399748?
True
Does 1218 divide 33733274?
False
Does 251 divide 316371141?
False
Is 3087509 a multiple of 37?
False
Is 14398252 a multiple of 187?
True
Is 54230884 a multiple of 2?
True
Does 18 divide 451655568?
True
Is 334412984 a multiple of 3502?
True
Is 31381353 a multiple of 159?
True
Is 140 a factor of 181174700?
True
Does 246 divide 61288194?
True
Is 2069303148 a multiple of 36?
True
Is 13 a factor of 30092179?
True
Is 124 a factor of 224728424?
True
Does 814 divide 430751584?
False
Is 56935674 a multiple of 9?
True
Does 213 divide 3863181?
True
Is 32 a factor of 128969888?
True
Is 269 a factor of 26851042?
True
Is 2348674170 a multiple of 95?
True
Is 383477139 a multiple of 865?
False
Is 83316942 a multiple of 386?
True
Does 277 divide 22894